*5/60 - 7*x**4/24 - x**3/3 - 5*x**2. Let c be w(7). Let a = c + 26. List the prime factors of a.
2, 3
Let q(v) = -v**2 + 26*v - 32. Let p(n) = -n**2 + 27*n - 32. Let k(h) = -6*p(h) + 7*q(h). List the prime factors of k(15).
43
Let j = 1652 + -978. List the prime factors of j.
2, 337
Suppose 35008 = 11*r - 6176. What are the prime factors of r?
2, 3, 13
Suppose 0 = 6*n - 1 + 499. Let h = n + 160. What are the prime factors of h?
7, 11
Let x = 138 + -80. Let r = -310 + 435. Suppose r = 3*z - p - 35, z + 2*p - x = 0. What are the prime factors of z?
2, 3
Suppose -k - 3*h = 2*k, 2*h = -4*k - 8. Let b be (-6)/k*2/1. Suppose -b*r + 5*r - 106 = 0. List the prime factors of r.
53
List the prime factors of (-1 - -9)/(-4) - (-1256)/4.
2, 3, 13
Suppose 7*m = 2*m + 745. List the prime factors of m.
149
Let o = -213 + 239. List the prime factors of o.
2, 13
Let t(r) = 10*r + 38. What are the prime factors of t(10)?
2, 3, 23
Suppose -11*x + 285 = 4*x. What are the prime factors of x?
19
Let d be 3 + 4/(-1) + 1/1. Suppose -3*b - 2*r = -36 - 78, d = 2*b + 5*r - 65. List the prime factors of b.
2, 5
Suppose 63 = 3*d - 57. Suppose -135 + d = -5*i. Let h = 42 - i. What are the prime factors of h?
23
Let l(s) = s**3 - 4*s**2 - s + 3. Let m be l(6). Let y = m - 21. What are the prime factors of y?
2, 3
Let b = -2 + -12. Let g = 3 + b. Let f(w) = w**3 + 12*w**2 + 10*w + 6. What are the prime factors of f(g)?
17
Let h = -55 + 47. What are the prime factors of h/4 + 3 + 103?
2, 13
Suppose 53*j = -9*j + 105462. What are the prime factors of j?
3, 7
Let g = -136 + 342. Suppose 0 = -o - 4*k + 55, -4*k = -4*o - 6*k + g. Suppose -4*c = 3*h - 24, -5*h + o = c + 2*c. List the prime factors of h.
2, 3
Let j(t) be the third derivative of -t**5/15 - 5*t**4/24 - 5*t**3/3 - 6*t**2. Let u be j(-6). Let o = 175 + u. What are the prime factors of o?
3, 17
Let d(w) be the third derivative of 1/40*w**6 + 0*w - 1/6*w**4 + 4*w**2 + 1/2*w**3 + 0 + 0*w**5. List the prime factors of d(2).
19
Let l be (87 - 1)*(-6 - -5). Let y = -47 - l. List the prime factors of y.
3, 13
Let a(c) = 20*c - 1. Let n be a(1). List the prime factors of 2/n + 1214/19.
2
Let r = 74 + -74. What are the prime factors of 8 - 1*(4 + r - 1)?
5
Suppose 5*b = 3*b + 5*m - 11, 0 = -5*m + 15. Let k(r) = 4*r**2 - r - 4. List the prime factors of k(b).
2, 5
Suppose 3*n - 5*n = -4. Suppose n*o - 4*i = -9*i + 204, -o = i - 99. What are the prime factors of o?
97
Suppose -4 = f + 1, 49 = 4*d - f. Let k = 45 - d. List the prime factors of k.
2, 17
Suppose -2*i = -3*c - c + 6, -4*i - 12 = -c. Suppose c = 3*k - 3*j - 48, -6*k + 3*k = -2*j - 48. Let q = k + 0. List the prime factors of q.
2
Suppose -10*x + 124 = -6*x. Let l = 73 - x. List the prime factors of l.
2, 3, 7
Suppose 0 = -3*x + c - 3*c + 401, 2*x + 3*c = 264. Let n = 1 + x. What are the prime factors of n?
2, 17
Let g = 9 + -9. Suppose -x - 5*t + t = -16, g = -5*x + 4*t + 32. Let m(h) = 2*h + 11. What are the prime factors of m(x)?
3
Let u(z) = z + 1. Let l be u(-3). What are the prime factors of (2/l)/1*(-189)/7?
3
Suppose 0 = -3*g + 41 + 28. Let a = g - -91. List the prime factors of a.
2, 3, 19
Let x(g) = g - 3. Let j be x(4). Let w be 3/1*j - -12. Suppose -v + 45 = v - c, -5*c + w = 0. What are the prime factors of v?
2, 3
Suppose h - 2 = 3*u, -2*h + 5*h = -4*u + 6. Suppose h*y = -5*w + w - 24, 2*w = -4. Let c(d) = d**2 + 5*d + 6. What are the prime factors of c(y)?
2, 3, 5
Suppose -11917 = -5*w + c, 2*c + 1364 = 5*w - 10550. What are the prime factors of w?
2, 149
Let q be ((-344)/10)/(8/40). Let m = q + 274. List the prime factors of m.
2, 3, 17
Suppose -5*o = 16 + 9, j = 4*o + 186. Let q = j + -1. What are the prime factors of q?
3, 5, 11
Let w = 125 - 179. Let p = 117 + w. List the prime factors of p.
3, 7
Let i(g) = 2*g**2 + 2*g**2 - 5*g**2 - 12*g - 6. Let z be (-15)/3*(0 - -1). What are the prime factors of i(z)?
29
Let k(m) = -8*m**2 - 2*m + 2. Suppose 0*z = -4*z + 20. Let c be k(z). What are the prime factors of (-3*1)/(24/c)?
2, 13
Let x = 792 + -509. What are the prime factors of x?
283
Let g(n) = 73*n - 121. List the prime factors of g(42).
5, 19, 31
Let z = -7 + 13. Let r = z + -3. Suppose -5*v + 0*v = 5*u - 5, -r*u = -3*v + 15. List the prime factors of v.
3
Suppose 0 = -5*z - 5, 2*w + z = 4*z + 183. Suppose -w = -2*v - 0*v. What are the prime factors of v?
3, 5
Suppose 0 = 3*n + 5*r - 1 + 32, -3*n = -4*r - 14. Let q be 1/(n - 1 - -2). Let w(t) = -21*t + 2. What are the prime factors of w(q)?
23
Let b(a) = 5*a**2 - 28*a + 20. What are the prime factors of b(-9)?
677
List the prime factors of (142/(-6) - 3)*(-444)/8.
2, 5, 37
Suppose 2 = z - y, 4*z + 0*y - 3*y - 9 = 0. Let n be (z + 14/(-4))*-6. Suppose -19 = 2*g - n*g. What are the prime factors of g?
19
Let x(i) = i**2 - 4*i + 3. Let n be x(3). Suppose -r - 2*r - 21 = n. Let c(f) = f**2 + 6*f + 4. What are the prime factors of c(r)?
11
Suppose -2*v = n - 2*n - 10, 5*v + 2*n - 7 = 0. Suppose -5*k = 4*h - 179, v*k + k - 82 = -2*h. What are the prime factors of h?
3, 17
Suppose -2*d + 20 = -5*b, -4*d - 2*b + 4*b = -24. Suppose 0 = -d*x + 4 + 6. What are the prime factors of x?
2
Let u be (-11)/(-2 + (-18)/(-10)). What are the prime factors of (-512)/(-5) - (-11)/(u/(-2))?
2, 3, 17
Let m = 14 - 13. Let o be 4 + 4/(-2)*m. Suppose -3*j + 69 = -0*z + o*z, z - 37 = -j. List the prime factors of z.
2, 3, 7
Let z(q) = -93*q. Let y be z(-1). Let o = 152 - y. Suppose -s + o = 5*k, -3*k + 5 = 3*s - 28. What are the prime factors of k?
2, 3
Suppose 9*p - 6 = 7*p. Let a(k) = -3*k**2 + 2*k + 1. Let z be a(p). What are the prime factors of 10/z*(-98 - -2)?
2, 3
Let n be (92 - 91)*(-2 + 0)*5. Let y(d) = 3*d**2 + 29*d - 6. What are the prime factors of y(n)?
2
Suppose 1981 - 12841 = -30*f. List the prime factors of f.
2, 181
Let z(i) = -69*i + 4. Let l be z(-2). Suppose 2*q = -5*c + l, -2*c = 2 + 2. Suppose -22 = -2*m + q. List the prime factors of m.
7
Let x = -128 - -184. Let t = -21 - x. What are the prime factors of (t - -3)*(-3)/6?
37
Suppose -3*p + 2*t - 527 + 7382 = 0, t + 6855 = 3*p. What are the prime factors of p?
5, 457
Let w(b) = -b**3 + 32*b**2 - 117*b - 12. List the prime factors of w(16).
2, 7, 79
Suppose 880 = 3*s - 14*s. List the prime factors of (s/(-4) - 2) + -1.
17
Let k(q) = 2*q**2 - 32*q - 11. Suppose 21*d = 18*d + 63. What are the prime factors of k(d)?
199
Suppose -91 = 6*r + 11. List the prime factors of ((-16)/(-6))/((34/(-96))/r).
2
Let q(o) = -4*o - 12. Let m be q(-5). List the prime factors of 2/m + (-342)/(-8).
43
Let o = -20 - -24. Suppose -o*z + z = -12. Suppose 2 = 3*k - z*m - 70, 4*k + 3*m = 71. List the prime factors of k.
2, 5
Let y(t) = t**2 + 11*t + 5. Let q be (-13)/(-1) + 18/6. Let i = q - 28. What are the prime factors of y(i)?
17
Let v be 6/4*(0 - -2). Suppose b + 11 = -v*x, 4*b = -x - 0*b. What are the prime factors of -2 + 17*(-3 - x)?
3, 5
Suppose 0 = -3*h - 1 - 5. Let l be 0 + 0 + (h - -7). Suppose 3*u = l*u - 82. What are the prime factors of u?
41
Suppose 5*g = -5*m + 3*g + 248, 2*g = 3*m - 152. What are the prime factors of m?
2, 5
Suppose 2*d + 3*t - 173 = 0, 5*d + 2*t - 408 = 30. What are the prime factors of d?
2, 11
What are the prime factors of 0/(-8) + 665*5?
5, 7, 19
Suppose -4*l - 1202 = -5*n, -9*l + 7*l = -2*n + 482. List the prime factors of n.
2, 7, 17
Suppose -6215 + 468 = -7*c. List the prime factors of c.
821
Suppose 0 = -3*d - 4*k + 13, k + 2 + 0 = d. Suppose c + 4 = d*c. Suppose 0*a + c*a = 3*y - 83, -2*a + 117 = 5*y. List the prime factors of y.
5
Let x = 20 + -14. Let n = 1 + -10. List the prime factors of x/((-2)/(24/n)).
2
List the prime factors of (-28)/(-56) + (-24076)/(-8).
2, 5, 7, 43
Suppose 4451 = 4*a + 1519. What are the prime factors of a?
733
Suppose 3*g - 3*f + 1 - 13 = 0, -5*g + 3*f + 12 = 0. Suppose g*i = -3*i. Suppose 3*m = -i*m + 69. List the prime factors of m.
23
Let n be (1 - (20 + -3))*1. Let t = n - -18. Suppose 4*f - 28 = -5*h, -5*f + t*h + 0 + 2 = 0. What are the prime factors of f?
2
Let k = 3 + 1. Let v(d) = 8*d**2 + 8*d - 1. Let n be v(-3). Suppose 2*a = -4*g + 82, -4*a + 3*a + k*g + n = 0. List the prime factors of a.
43
Let t(s) = -s**3 + 9*s**2 + 3*s - 13. Let b be t(9). Let k = b + -9. Suppose -4*a + k*a = 23. What are 